 h be (-15)/(-2)*(-2)/(-3). Let i = -5 + 2. Let z = h + i. Let l(q) = q**2 - q - 1. Determine l(z).
1
Suppose -w + 5*u = -13, 6*w - 5*u = 2*w + 37. Suppose b - 3*v = w, -2*b = 5*v + 3 - 8. Let h(p) = 3*p - 3*p + p**2 - 1 - 3*p - 1. What is h(b)?
8
Let s(q) = -q**3 - 6*q**2 - 5*q + 5. Let i = -34 - -71. Suppose -4*l - l + 15 = 0, -5*v + 4*l - i = 0. Give s(v).
5
Let z(r) = -9 - 5*r - 6 + 2*r**2 - 3*r**2 + 16*r. Calculate z(10).
-5
Let h(d) = d**3 + 4*d**2 - d - 9. Let m(s) = -2*s**3 - 7*s**2 + s + 18. Let j(b) = 5*h(b) + 2*m(b). Determine j(-6).
9
Suppose -p - 5 = -3*m - 0, 2*m + 42 = -5*p. Let q be (3 + -7)*2/p. Let z(t) = 8*t - 1. Calculate z(q).
7
Let f(u) = -u**3 - u**2 + u + 2. Let j be (-5 - -1)*(-2)/16*4. Calculate f(j).
-8
Let f(d) = 4*d + 8. Let n(h) = 2*h + 4. Let v(j) = 2*f(j) - 5*n(j). Give v(3).
-10
Let v = 18 + -21. Let o(s) = s - 1. Give o(v).
-4
Let b(o) = o**3 + o**2 - 5*o - 2. Let k = 5 - 3. Let m be -1 - (-5 - -1)/k. Let a be -1*m/(-1)*-3. What is b(a)?
-5
Let h = 25 - 33. Let p = -7 - h. Let i(x) = 6*x**2. Calculate i(p).
6
Let s(l) = l**2 - 3*l + 2. Let w be 3/12*0 + 2. Give s(w).
0
Let m(w) = 0 + 5*w - 1 + w - 5*w. Give m(-5).
-6
Suppose -5*j = -1 - 9. Let x(d) = -d**2 - 18*d - 23*d + 39*d. Determine x(j).
-8
Suppose 0 = 4*d + 24. Let u(j) = -2*j + 2. Let l(b) = -3 + 3*b - 4*b + 6 - 2. Let a(g) = d*l(g) + 4*u(g). What is a(5)?
-8
Let h(s) be the first derivative of -s**4/4 + s**3 + 2*s**2 + 5*s + 2. Suppose 0 = -5*f + f + 16. Calculate h(f).
5
Let l(h) = -h**3 - 2*h**2 + h - 4. Suppose -5*v = 14 - 4. Let a be v/6 + 24/(-9). Calculate l(a).
2
Let c(v) = -v**3 + 2*v**2 + 3*v - 3. Let d = 5 + 0. Suppose -4*o = 4*j + 4, 5*j - o + 5*o = -d. Let m(q) = 3*q**2 + q + 1. Let t be m(j). Give c(t).
-3
Suppose -5 + 0 = n, 5*x - n = 20. Let c(o) = -5*o**2 - o**3 - 5 + o**3 + o**x. Let t be 8/(-12) + 34/6. Calculate c(t).
-5
Let a = -19 + 14. Let q(x) = 1 - x + 3 - 5. Give q(a).
4
Let p(z) be the first derivative of -1/4*z**4 - 1/2*z**2 + 0*z - 2/3*z**3 + 2. Let r(a) = a**2 + 5*a + 3. Let w be r(-4). Calculate p(w).
0
Let g(h) = -h**2 - 6*h + 5. Let v be g(-7). Let j(a) be the third derivative of 0 + 1/3*a**3 + a**2 - 1/24*a**4 + 0*a. Give j(v).
4
Let m = -13 + 22. Let d(r) = 6 + 4*r - m + 2*r**2 - 5*r - 3*r**2. Calculate d(-3).
-9
Let j(l) = -l**3 + 4*l**2 - l + 4. Let x be 2/(1/(2 + 0)). Let g be j(x). Let o(c) be the third derivative of -c**5/60 - c**2. What is o(g)?
0
Suppose 0 = f - 9 + 10. Let p(a) = 3*a**3 - a**2 - 2*a - 1. Determine p(f).
-3
Let x(f) be the second derivative of f**5/10 + f**4/6 - f**3/2 - 3*f**2/2 - 5*f. Give x(-2).
-5
Suppose -3*b = -b + 2. Let k(u) = -5*u**2 + u + 1. Let s be k(b). Let w(i) = -i + 1. Determine w(s).
6
Let g be (2 - 1)*(1 + 4). Let p(u) = -u**3 - u**2 + 8*u - 5. Let m(t) = 3*t**3 + 2*t**2 - 23*t + 15. Let k(c) = 6*m(c) + 17*p(c). Determine k(g).
-5
Let n(h) = 6*h**3 - 2*h**2 + 2*h - 1. Let k(i) be the second derivative of i**5/20 - i**4/12 - i**2/2 - 3*i. Let j(c) = 5*k(c) - n(c). Give j(-3).
2
Let h(f) be the second derivative of -5*f**4/12 - f**2/2 - f. Let j = 3 + -2. Determine h(j).
-6
Let p = 33 + -36. Let o(u) = u**2 + 4*u - 2. Calculate o(p).
-5
Let l be (-3 + -1)*(-3)/6. Let w = l + -2. Let c(i) = i + 0 - 2 + 0. What is c(w)?
-2
Let i(m) = -3*m**2 - 7*m + 3. Let p(a) = a**2 + 4*a - 2. Let v(y) = 3*i(y) + 5*p(y). Let d = -3 + 3. Let c be 0 + 2 - 3 - d. Calculate v(c).
-4
Suppose n = -0*n. Let g = n - -14. Suppose -2*c + 27 = -4*v + 7, v + g = 5*c. Let y(j) = -j**3 + 5*j**2 - 2*j + 1. Calculate y(c).
9
Let w(x) = x - 2. Let y(g) be the first derivative of g**4/4 - 3*g**3 - 9*g**2/2 - 8*g + 1. Let z be y(10). Calculate w(z).
0
Suppose -2*v - 2 = -8. Let m(y) = y**3 - 5*y**2 + 3*y + 1. Calculate m(v).
-8
Suppose u - 18 = 3*u. Let z be u/(-6)*14/3. Let n(d) = -7*d + z*d - d - 6. Give n(-5).
-1
Let n(a) be the first derivative of a**4/2 + a**3/3 + a**2/2 - a + 13. What is n(1)?
3
Let b be (1 + 3/6)*4. Let a(l) = -l**2 + 4*l + 3. Determine a(b).
-9
Let t(r) be the second derivative of 0 - r + 1/2*r**3 - 3*r**2. Suppose -y - 4*f = -2*y + 8, -y + 3*f = -7. Calculate t(y).
6
Let c(h) be the third derivative of -h**5/60 - 7*h**4/24 - h**3 - h**2. What is c(-6)?
0
Let h(f) = f. Let n(m) = -m**2 - 6*m + 12. Let q(x) = 4*h(x) - n(x). Let z be q(-11). Let u(i) = -2*i**2 - 6*i**3 + 1 - 1 - i. Determine u(z).
5
Suppose -2*f = -3*f + a + 1, -7 = 5*f + a. Let i(v) = -2*v**2 - 2*v - 1. Calculate i(f).
-1
Let i(t) = -2 - t**2 + 6 - 3 + 0*t**2. Let l(z) = -z**3 + 2*z**2 + 7*z - 2. Let a(j) = 2*i(j) - l(j). Let u = -7 + 12. What is a(u)?
-6
Let q(b) = -b + 1. Let p(f) = f**3 - f. Let o(w) = p(w) - 3*q(w). What is o(2)?
9
Let a(h) = -h**2 - 15*h + 10. Let q be a(-15). Let p(s) = 2*s - 4 - q*s + 4*s + 2*s. What is p(-3)?
2
Let r(z) be the first derivative of z**4/4 + z**2/2 - 2*z + 1. What is r(2)?
8
Let o(v) be the third derivative of -v**4/24 - v**3/6 + 7*v**2. Let k(u) = u**3 - 4*u**2. Let p be k(4). Determine o(p).
-1
Let x(v) = -v**2 + 2*v - 3. Let f be (10/3)/((-10)/(-45)). Let p = -13 + f. Determine x(p).
-3
Let h(k) = -k**3 - 5*k**2 - 3*k - 6. Let m(z) be the second derivative of z**3/6 + 2*z**2 + 2*z. Let c be m(-9). Give h(c).
9
Let u(m) = -m**2 + 2*m - 3. Let d be 1 + (-16)/(-4) - (-4 + 6). Give u(d).
-6
Let p(g) = 4*g + 4. Let n(f) = -3*f - 5. Let x(i) = 3*n(i) + 2*p(i). What is x(-6)?
-1
Let y(g) = -g**3 - 3*g**2 + g - 5. Let l be 2/(-7) - 4/(-14). Let q(u) = -u**2 - 4. Let f be q(l). Give y(f).
7
Let p(h) = h**3 + 6*h**2 - 9*h - 3. Let n be (-3 + (1 - -4))*7/(-2). Give p(n).
11
Suppose -3*i = -5 - 4. Let x(v) = 5*v**2 - 23*v - 20. Let f(j) = -2*j**2 + 8*j + 7. Let g(d) = i*x(d) + 8*f(d). Let z = 6 + -9. Calculate g(z).
2
Let i(w) = -15*w**3 + 8*w**3 + 10*w**3. Give i(-1).
-3
Let o(h) = 4 + 2*h - 3 + 4 - 3*h. Calculate o(3).
2
Let v be -1*(0 + (-3)/(-1)). Let u be (-2)/6 - v/9. Let p(k) be the second derivative of k**3/6 - 3*k**2/2 + 6*k. Determine p(u).
-3
Let p(v) = v**3 - v**2 + 1. Let i(g) = g**3 - 7*g**2 - 5*g + 1. Let s(x) = i(x) - 2*p(x). What is s(-4)?
3
Let f(r) = -r + 1. Suppose 0 = -4*c - 5*h - 36, -2*c - 2*h - 21 = -5. What is f(c)?
5
Let s(g) = g - 6. Suppose -l = -4*w + 6*w - 8, -4 = -w - 4*l. Suppose 0 = -2*z + a + 6, 3*a = 5*z - w - 12. Suppose 5 = 3*r - z*r. What is s(r)?
-1
Let c(w) = 7 + 0*w**3 + 3*w - 3 - w**3 + 1. Let q(u) be the third derivative of -u**3/6 - 2*u**2. Let j(l) = -c(l) - 2*q(l). Determine j(-2).
-5
Suppose -3*y - 6 = -6*y. Let b(h) = h**2 + 12*h**2 + h + 4 - 7*h**y - 7*h**2. What is b(4)?
-8
Let f(h) = -2*h**3 - 2*h**2 + h. Suppose 0 = 5*n - 10 - 15. Suppose -3*u = 2*u - n. What is f(u)?
-3
Let x(z) = 3*z + 36 - 21 - 13. Calculate x(7).
23
Let h(y) be the third derivative of y**4/24 + y**3/6 + 40*y**2. Determine h(0).
1
Let o = -9 + 2. Let v(l) = l**3 + 7*l**2 - 7. Determine v(o).
-7
Let v(a) = -4*a**3 - 5*a**2 + 2*a - 5. Let h(n) = -3*n - 1 - n**3 + 5*n + 0*n**3 - 3*n. Let o(x) = -3*h(x) + v(x). Let k = -9 + 3. Determine o(k).
4
Let r(l) = -l + 26. Let d be r(11). Suppose -4*v + d + 17 = 0. Let j(f) = 2*f - v + 1 - 4*f. Give j(-5).
3
Suppose -71*r = -72*r. Let z(l) = l**2 + 6. What is z(r)?
6
Suppose 6 = 7*z - 4*z. Let p(h) = 1 - 3 - h**z - 20*h + 25*h. Calculate p(6).
-8
Let v(n) = -3*n**3 + n**2 + 4*n + 10. Let w(h) = h**3 + 2*h**2 - 1. Let l(o) = v(o) + 2*w(o). Suppose 9 + 3 = 2*i. Determine l(i).
-4
Let r(m) = 2*m - 1. Let o be 9/(-6) - (-2)/(-4). Let b be (o/2)/((-1)/(-2)). Give r(b).
-5
Let k(w) = w - 1. Let y(m) = -2*m + 0 - 6 - 5. Let j(z) = -k(z) - y(z). Determine j(-5).
7
Let j(v) = v + 4. Let s(w) = -w + 2. Suppose -6*u + 32 = -4*u. Suppose -u = -k + m + m, -5*m - 31 = -k. Let z be s(k). What is j(z)?
0
Let s(m) = 3*m + 8. Let j(a) = -7*a - 17. Let z(y) = 2*j(y) + 5*s(y). Let x(u) = -u**2 - 7*u - 6. Let g be x(-6). Calculate z(g).
6
Let u(r) = 2*r**2 - 11*r - 2. Let a be (-56)/9 - 4/(-18). Let x(v) = 2*v**2 - 10*v - 2. Let d(t) = a*x(t) + 5*u(t). Suppose -16 = -3*n - n. What is d(n)?
-10
Let l = -45 + 66. Suppose 4*u + 9 = l. Let w(d) = -d + 1. What is w(u)?
-2
Suppose -p = 3*t + 12 - 0, 4*t = -2*p - 20. Let b(o) = -o. Let l(r) = 3*r + 1. Suppose 2*a - 12 = -2. Let k(v) = a*b(v) + 2*l(v). What is k(p)?
-4
Let b(c) = -3*c**2 + 6*c + 6. Let h(y) = 